-11
9 (base 13) to base 7
12
What is -9 (base 11) in base 9?
-10
Convert 5 (base 8) to base 10.
5
Convert -10 (base 8) to base 16.
-8
What is b4 (base 14) in base 5?
1113
What is -61 (base 8) in base 13?
-3a
What is 22 (base 3) in base 5?
13
-20 (base 5) to base 8
-12
Convert 0 (base 2) to base 10.
0
Convert 5 (base 9) to base 6.
5
Convert 25 (base 7) to base 4.
103
What is 4 (base 15) in base 12?
4
-9 (base 13) to base 14
-9
126 (base 15) to base 7
522
Convert -28 (base 9) to base 11.
-24
47 (base 15) to base 7
124
What is -a3 (base 16) in base 8?
-243
-3 (base 10) to base 16
-3
3 (base 16) to base 15
3
Convert -3 (base 9) to base 13.
-3
Convert 1 (base 7) to base 2.
1
-230 (base 4) to base 11
-40
What is 16 (base 7) in base 9?
14
What is -13b (base 16) in base 4?
-10323
Convert 26 (base 16) to base 14.
2a
Convert -fb (base 16) to base 7.
-506
5b (base 12) to base 16
47
What is 36 (base 9) in base 6?
53
What is 10 (base 14) in base 16?
e
Convert -13 (base 7) to base 16.
-a
-102 (base 7) to base 5
-201
What is -1032 (base 4) in base 7?
-141
-20 (base 11) to base 16
-16
-a (base 13) to base 10
-10
What is -4 (base 9) in base 16?
-4
-64 (base 12) to base 11
-6a
8 (base 15) to base 14
8
Convert 321 (base 4) to base 3.
2010
-40 (base 5) to base 16
-14
Convert 26 (base 9) to base 10.
24
What is -11111 (base 2) in base 16?
-1f
1b (base 15) to base 6
42
Convert -3a (base 15) to base 12.
-47
Convert 24 (base 13) to base 12.
26
What is -331 (base 6) in base 15?
-87
What is -5 (base 8) in base 4?
-11
Convert c3 (base 14) to base 5.
1141
What is -3 (base 12) in base 8?
-3
0 (base 10) to base 15
0
Convert 132 (base 5) to base 12.
36
What is -59 (base 16) in base 2?
-1011001
Convert 14 (base 14) to base 11.
17
Convert 56 (base 7) to base 2.
101001
-34 (base 9) to base 7
-43
What is -94 (base 12) in base 10?
-112
What is -21 (base 10) in base 11?
-1a
-8 (base 13) to base 8
-10
Convert 4 (base 10) to base 13.
4
Convert -2 (base 15) to base 11.
-2
What is 11 (base 14) in base 11?
14
Convert -261 (base 9) to base 5.
-1332
Convert 11201 (base 3) to base 8.
177
3 (base 9) to base 11
3
Convert 162 (base 14) to base 8.
432
-3a (base 13) to base 12
-41
What is 10001 (base 2) in base 14?
13
Convert -56 (base 8) to base 9.
-51
2 (base 14) to base 6
2
8 (base 16) to base 11
8
3a (base 11) to base 4
223
What is 3 (base 8) in base 15?
3
Convert -55 (base 9) to base 11.
-46
What is 6 (base 11) in base 10?
6
Convert 110 (base 8) to base 13.
57
What is 132 (base 12) in base 3?
20202
-11 (base 7) to base 9
-8
-1001111 (base 2) to base 10
-79
What is 3 (base 12) in base 6?
3
Convert 1a (base 13) to base 8.
27
Convert 113 (base 6) to base 11.
41
-4 (base 5) to base 16
-4
0 (base 3) to base 2
0
1 (base 6) to base 4
1
What is 85 (base 14) in base 9?
140
55 (base 6) to base 5
120
-8 (base 11) to base 9
-8
What is -2 (base 11) in base 3?
-2
Convert -31 (base 10) to base 11.
-29
10011111 (base 2) to base 9
186
45 (base 7) to base 8
41
Convert -1 (base 3) to base 10.
-1
Convert 1152 (base 6) to base 2.
100011100
Convert 310 (base 4) to base 12.
44
Convert -331 (base 4) to base 10.
-61
What is 8 (base 11) in base 5?
13
What is -130 (base 5) in base 7?
-55
-6 (base 12) to base 13
-6
4 (base 10) to base 2
100
Convert -47 (base 8) to base 2.
-100111
What is 13 (base 13) in base 7?
22
1213 (base 6) to base 5
2142
Convert 2e (base 16) to base 7.
64
What is 72 (base 16) in base 5?
424
21 (base 8) to base 11
16
Convert 10 (base 7) to base 6.
11
Convert -3 (base 7) to base 16.
-3
31 (base 4) to base 10
13
What is -24 (base 5) in base 11?
-13
Convert -14 (base 11) to base 6.
-23
What is -110 (base 3) in base 8?
-14
-13 (base 4) to base 16
-7
-11011001 (base 2) to base 8
-331
-142 (base 5) to base 9
-52
-20 (base 15) to base 11
-28
What is -23 (base 8) in base 10?
-19
Convert 1a3 (base 12) to base 6.
1123
115 (base 6) to base 10
47
Convert -2 (base 11) to base 2.
-10
What is 3 (base 6) in base 9?
3
4 (base 14) to base 3
11
4 (base 10) to base 9
4
What is 4 (base 9) in base 2?
100
2 (base 11) to base 12
2
-120 (base 7) to base 3
-2100
10022 (base 3) to base 7
155
11 (base 9) to base 16
a
Convert 38 (base 10) to base 2.
100110
What is 10111 (base 3) in base 5?
334
4 (base 12) to base 7
4
1 (base 11) to base 5
1
66 (base 7) to base 2
110000
What is -3 (base 12) in base 11?
-3
What is 124 (base 5) in base 2?
100111
What is -5 (base 16) in base 8?
-5
What is -2 (base 15) in base 9?
-2
-12 (base 10) to base 11
-11
Convert -3 (base 12) to base 11.
-3
-83 (base 11) to base 2
-1011011
-10 (base 7) to base 12
-7
Convert 22012 (base 3) to base 8.
335
What is 2 (base 11) in base 3?
2
Convert 45 (base 13) to base 8.
71
-5 (base 6) to base 11
-5
Convert 33 (base 11) to base 16.
24
-115 (base 14) to base 4
-3113
What is -1 (base 11) in base 2?
-1
1 (base 8) to base 13
1
Convert -41 (base 7) to base 8.
-35
Convert 11 (base 14) to base 3.
120
Convert 110 (base 4) to base 2.
10100
41 (base 11) to base 3
1200
Convert 2 (base 8) to base 10.
2
-20000 (base 3) to base 13
-c6
What is 1021 (base 5) in base 8?
210
What is 2 (base 4) in base 3?
2
What is 7 (base 16) in base 4?
13
Convert -10 (base 11) to base 3.
-102
20 (base 14) to base 16
1c
What is 10 (base 4) in base 7?
4
What is -9 (base 11) in base 14?
-9
-41 (base 11) to base 12
-39
Convert 3 (base 8) to base 14.
3
Convert 21 (base 10) to base 5.
41
11 (base 6) to base 7
10
Convert 15 (base 9) to base 16.
e
What is 251 (base 7) in base 9?
158
Convert -102001 (base 3) to base 7.
-604
What is -6 (base 10) in base 5?
-11
What is -4 (base 13) in base 8?
-4
What is 12 (base 5) in base 4?
13
Convert 1 (base 16) to base 8.
1
What is -d (base 16) in base 4?
-31
-4e (base 15) to base 11
-68
What is -1031 (base 4) in base 9?
-85
Convert 4 (base 7) to base 11.
4
Convert 5 (base 13) to base 12.
5
Convert 10000 (base 2) to base 10.
16
What is -20 (base 5) in base 4?
-22
-a (base 11) to base 14
-a
Convert -101 (base 2) to base 3.
-12
What is -102 (base 3) in base 10?
-11
What is -10 (base 10) in base 15?
-a
Convert 1 (base 15) to base 9.
1
Convert 21 (base 10) to base 4.
111
Convert 0 (base 9) to base 12.
0
What is 20 (base 14) in base 6?
44
Convert 55 (base 15) to base 5.
310
Convert 1 (base 12) to base 14.
1
What is 30 (base 12) in base 9?
40
3 (base 6) to base 12
3
Convert 50 (base 7) to base 3.
1022
-3 (base 13) to base 4
-3
-7 (base 15) to base 13
-7
-4 (base 8) to base 3
-11
What is -4a (base 11) in base 16?
-36
111 (base 3) to base 12
11
7 (base 10) to base 14
7
Convert -50 (base 15) to base 10.
-75
What is 4d (base 16) in base 9?
85
Convert 1022 (base 3) to base 13.
29
-141 (base 5) to base 14
-34
Convert 4 (base 11) to base 12.
4
Convert 2 (base 10) to base 15.
2
What is -a6 (base 15) in base 14?
-b2
-4 (base 15) to base 14
-4
What is 1320 (base 5) in base 8?
322
What is 3 (base 7) in base 6?
3
Convert -21 (base 4) to base 5.
-14
Convert 6 (base 14) to base 3.
20
What is 50 (base 6) in base 13?
24
What is -10 (base 3) in base 13?
-3
What is 25 (base 12) in base 6?
45
Convert -161 (base 7) to base 12.
-78
1 (base 4) to base 5
1
What is -2 (base 3) in base 15?
-2
-29 (base 16) to base 7
-56
What is -4 (base 8) in base 15?
-4
Convert 3 (base 12) to base 6.
3
-3 (base 11) to base 4
-3
What is -31 (base 4) in base 3?
-111
Convert -24 (base 6) to base 9.
-17
What is -2121 (base 3) in base 4?
-1012
Convert 1304 (base 5) to base 4.
3030
-40 (base 6) to base 14
-1a
Convert 2 (base 15) to base 2.
10
What is 135 (base 13) in base 8?
325
What is -4 (base 16) in base 2?
-100
What is 5 (base 7) in base 14?
5
What is 1 (base 5) in base 8?
1
203 (base 4) to base 16
23
-10 (base 6) to base 4
-12
What is -3 (base 4) in base 2?
-11
What is 1 (base 14) in base 16?
1
11 (base 4) to base 16
5
Convert -205 (base 13) to base 9.
-421
What is -22 (base 12) in base 10?
-26
What is -110101 (base 2) in base 10?
-53
46 (base 8) to base 4
212
What is 181 (base 10) in base 2?
10110101
212 (base 8) to base 16
8a
Convert -5 (base 7) to base 15.
-5
Convert 21 (base 8) to base 6.
25
Convert -35 (base 13) to base 15.
-2e
-74 (base 9) to base 15
-47
Convert -16 (base 15) to base 10.
-21
What is -47 (base 8) in base 14?
-2b
523 (base 6) to base 16
c3
What is 1 (base 13) in base 11?
1
What is 1 (base